{"id":86,"date":"2024-12-13T11:19:42","date_gmt":"2024-12-13T09:19:42","guid":{"rendered":"https:\/\/hautaustoimisto.creativegorilla.zoner.dev\/?page_id=86"},"modified":"2024-12-28T12:47:02","modified_gmt":"2024-12-28T10:47:02","slug":"muistotilaisuudet","status":"publish","type":"page","link":"https:\/\/hautaustoimisto.creativegorilla.zoner.dev\/?page_id=86","title":{"rendered":"Muistotilaisuudet"},"content":{"rendered":"\t\t<div data-elementor-type=\"wp-page\" data-elementor-id=\"86\" class=\"elementor elementor-86\" data-elementor-post-type=\"page\">\n\t\t\t\t<div class=\"elementor-element elementor-element-22a0c4f e-con-full e-flex e-con e-parent\" data-id=\"22a0c4f\" data-element_type=\"container\" data-e-type=\"container\">\n\t\t<div class=\"elementor-element elementor-element-f8d34b8 e-con-full e-flex e-con e-child\" data-id=\"f8d34b8\" data-element_type=\"container\" data-e-type=\"container\" data-settings=\"{&quot;background_background&quot;:&quot;classic&quot;}\">\n\t\t\t\t<div class=\"elementor-element elementor-element-13c89ccb elementor-widget elementor-widget-heading\" data-id=\"13c89ccb\" data-element_type=\"widget\" data-e-type=\"widget\" data-widget_type=\"heading.default\">\n\t\t\t\t<div class=\"elementor-widget-container\">\n\t\t\t\t\t<h5 class=\"elementor-heading-title elementor-size-default\">palvelumme<\/h5>\t\t\t\t<\/div>\n\t\t\t\t<\/div>\n\t\t\t\t<div class=\"elementor-element elementor-element-5f1374b5 elementor-widget elementor-widget-heading\" data-id=\"5f1374b5\" data-element_type=\"widget\" data-e-type=\"widget\" data-widget_type=\"heading.default\">\n\t\t\t\t<div class=\"elementor-widget-container\">\n\t\t\t\t\t<h1 class=\"elementor-heading-title elementor-size-default\">Muisto-\ntilaisuuden\nj\u00e4rjest\u00e4minen<\/h1>\t\t\t\t<\/div>\n\t\t\t\t<\/div>\n\t\t\t\t<div class=\"elementor-element elementor-element-7c07ff65 elementor-widget elementor-widget-text-editor\" data-id=\"7c07ff65\" data-element_type=\"widget\" data-e-type=\"widget\" data-widget_type=\"text-editor.default\">\n\t\t\t\t<div class=\"elementor-widget-container\">\n\t\t\t\t\t\t\t\t\t<p>Muistotilaisuutta varten tehd\u00e4\u00e4n monesti paljon j\u00e4rjestelyj\u00e4 ja varauksia. Autamme sinua sek\u00e4 kokonaisuuden ett\u00e4 yksitt\u00e4isten asioiden j\u00e4rjest\u00e4misess\u00e4.<\/p>\t\t\t\t\t\t\t\t<\/div>\n\t\t\t\t<\/div>\n\t\t\t\t<\/div>\n\t\t<div class=\"elementor-element elementor-element-7bb7d745 e-con-full e-flex e-con e-child\" data-id=\"7bb7d745\" data-element_type=\"container\" data-e-type=\"container\" data-settings=\"{&quot;background_background&quot;:&quot;classic&quot;}\">\n\t\t\t\t<\/div>\n\t\t\t\t<\/div>\n\t\t<div class=\"elementor-element elementor-element-2b4ac09a e-flex e-con-boxed e-con e-parent\" data-id=\"2b4ac09a\" data-element_type=\"container\" data-e-type=\"container\">\n\t\t\t\t\t<div class=\"e-con-inner\">\n\t\t<div class=\"elementor-element elementor-element-4d0f3d05 e-con-full e-flex e-con e-child\" data-id=\"4d0f3d05\" data-element_type=\"container\" data-e-type=\"container\" data-settings=\"{&quot;background_background&quot;:&quot;classic&quot;}\">\n\t\t\t\t<div class=\"elementor-element elementor-element-4bdd40be elementor-widget elementor-widget-heading\" data-id=\"4bdd40be\" data-element_type=\"widget\" data-e-type=\"widget\" data-widget_type=\"heading.default\">\n\t\t\t\t<div class=\"elementor-widget-container\">\n\t\t\t\t\t<h2 class=\"elementor-heading-title elementor-size-default\">Muistotilaisuus<\/h2>\t\t\t\t<\/div>\n\t\t\t\t<\/div>\n\t\t\t\t<\/div>\n\t\t<div class=\"elementor-element elementor-element-1e54140c e-con-full e-flex e-con e-child\" data-id=\"1e54140c\" data-element_type=\"container\" data-e-type=\"container\">\n\t\t\t\t<div class=\"elementor-element elementor-element-fc40b51 elementor-widget elementor-widget-text-editor\" data-id=\"fc40b51\" data-element_type=\"widget\" data-e-type=\"widget\" data-widget_type=\"text-editor.default\">\n\t\t\t\t<div class=\"elementor-widget-container\">\n\t\t\t\t\t\t\t\t\t<div class=\"et_pb_with_border et_pb_module et_pb_text et_pb_text_4 et_pb_text_align_left et_pb_bg_layout_light\"><div class=\"et_pb_text_inner\"><p>Muistotilaisuus j\u00e4rjestet\u00e4\u00e4n usein v\u00e4litt\u00f6m\u00e4sti siunaus-\/saattohetken j\u00e4lkeen. Selvit\u00e4mme omaisten toiveesta esitettyjen toiveiden perusteella parhaiten soveltuvan muistotilaisuuspaikan tarjoiluehdotuksineen ja hoidamme tilaisuuden koristelut sek\u00e4 ohjelman. Menukokonaisuuden voi suunnitella itse, tai sen voi valita valmiilta listalta. Ammattitaitoiset yhteisty\u00f6kumppanimme r\u00e4\u00e4t\u00e4l\u00f6iv\u00e4t kuhunkin tilaisuuteen sopivan kokonaisuuden.<\/p><\/div><\/div>\t\t\t\t\t\t\t\t<\/div>\n\t\t\t\t<\/div>\n\t\t\t\t<div class=\"elementor-element elementor-element-3afbf088 elementor-widget elementor-widget-text-editor\" data-id=\"3afbf088\" data-element_type=\"widget\" data-e-type=\"widget\" data-widget_type=\"text-editor.default\">\n\t\t\t\t<div class=\"elementor-widget-container\">\n\t\t\t\t\t\t\t\t\t<div class=\"et_pb_with_border et_pb_module et_pb_text et_pb_text_4 et_pb_text_align_left et_pb_bg_layout_light\"><div class=\"et_pb_text_inner\"><p>Muistotilaisuudessa muistellaan vainajaa yst\u00e4vien ja sukulaisten kesken.\u00a0 Muistotilaisuuden voi j\u00e4rjest\u00e4\u00e4 ravintolassa, hotellin kabinetissa, seurakunnan tiloissa, muussa juhlatilassa tai vainajan tai omaisen kodissa. Muistotilaisuuteen ei ole virallista kaavaa, se on vapaamuotoisempi kuin siunaustilaisuuden \/ saattohetken kulku. Tilaisuus j\u00e4rjestet\u00e4\u00e4n usein vainajan tyyli\u00e4 ja toiveita kunnioittaen.<\/p><p>Usein muistotilaisuuden ohjelmassa on esimerkiksi vainajan ja yhteisten kokemusten muistelua. Puheiden pit\u00e4miselle on hyv\u00e4 tarjota mahdollisuus. Muistotilaisuudessa voidaan lukea mahdolliset saapuneet adressit ja muut osanotot. Niiden lukija kannattaa sopia etuk\u00e4teen. Tilaisuuteen voidaan laittaa my\u00f6s muistop\u00f6yt\u00e4, jossa on kynttil\u00e4, vainajan kuva ja kukkia. Muutakin vainajaan liittyv\u00e4\u00e4 voidaan laittaa esille muistotilaisuudessa. Tilaisuuteen voidaan ker\u00e4t\u00e4 valokuvakansio el\u00e4m\u00e4nkaaresta. Soittaa, laulaa kevyemp\u00e4\u00e4 mielimusiikkia. Musiikki tuo mieleen muistoja, se luo tunnelmaa, juhlistaa ja tekee tilaisuudesta mieliinpainuvan. Neuvomme asiakkaitamme, annamme vinkkej\u00e4 ja teemme tarvittavat muistotilaisuuden varaukset. Meill\u00e4 on yhteisty\u00f6kumppaneina pitopalveluita ja ravintoloita ja autamme teit\u00e4 varausten ja tilaisuuden j\u00e4rjest\u00e4misess\u00e4.<\/p><\/div><\/div>\t\t\t\t\t\t\t\t<\/div>\n\t\t\t\t<\/div>\n\t\t\t\t<\/div>\n\t\t\t\t\t<\/div>\n\t\t\t\t<\/div>\n\t\t<div class=\"elementor-element elementor-element-5a6290f6 e-flex e-con-boxed e-con e-parent\" data-id=\"5a6290f6\" data-element_type=\"container\" data-e-type=\"container\">\n\t\t\t\t\t<div class=\"e-con-inner\">\n\t\t<div class=\"elementor-element elementor-element-64e9cc2 e-con-full e-flex e-con e-child\" data-id=\"64e9cc2\" data-element_type=\"container\" data-e-type=\"container\">\n\t\t\t\t<div class=\"elementor-element elementor-element-198e54b7 elementor-widget elementor-widget-image\" data-id=\"198e54b7\" data-element_type=\"widget\" data-e-type=\"widget\" data-widget_type=\"image.default\">\n\t\t\t\t<div class=\"elementor-widget-container\">\n\t\t\t\t\t\t\t\t\t\t\t\t\t\t\t<img fetchpriority=\"high\" decoding=\"async\" width=\"714\" height=\"715\" src=\"https:\/\/hautaustoimisto.creativegorilla.zoner.dev\/wp-content\/uploads\/2024\/12\/muistilista_omaisille.jpg\" class=\"attachment-large size-large wp-image-73\" alt=\"\" srcset=\"https:\/\/hautaustoimisto.creativegorilla.zoner.dev\/wp-content\/uploads\/2024\/12\/muistilista_omaisille.jpg 714w, https:\/\/hautaustoimisto.creativegorilla.zoner.dev\/wp-content\/uploads\/2024\/12\/muistilista_omaisille-300x300.jpg 300w, https:\/\/hautaustoimisto.creativegorilla.zoner.dev\/wp-content\/uploads\/2024\/12\/muistilista_omaisille-150x150.jpg 150w\" sizes=\"(max-width: 714px) 100vw, 714px\" \/>\t\t\t\t\t\t\t\t\t\t\t\t\t\t\t<\/div>\n\t\t\t\t<\/div>\n\t\t\t\t<div class=\"elementor-element elementor-element-355dbddd elementor-widget elementor-widget-heading\" data-id=\"355dbddd\" data-element_type=\"widget\" data-e-type=\"widget\" data-widget_type=\"heading.default\">\n\t\t\t\t<div class=\"elementor-widget-container\">\n\t\t\t\t\t<h3 class=\"elementor-heading-title elementor-size-default\">Muistilista omaisille<\/h3>\t\t\t\t<\/div>\n\t\t\t\t<\/div>\n\t\t\t\t<div class=\"elementor-element elementor-element-199fa06f elementor-widget elementor-widget-text-editor\" data-id=\"199fa06f\" data-element_type=\"widget\" data-e-type=\"widget\" data-widget_type=\"text-editor.default\">\n\t\t\t\t<div class=\"elementor-widget-container\">\n\t\t\t\t\t\t\t\t\t<p>Olemme koonneet t\u00e4h\u00e4n <br \/>muistilistan, jota on <br \/>helppo seurata ja hy\u00f6dynt\u00e4\u00e4 <br \/>vaikeinakin aikoina.\u00a0<\/p>\t\t\t\t\t\t\t\t<\/div>\n\t\t\t\t<\/div>\n\t\t\t\t<div class=\"elementor-element elementor-element-695d4b4b elementor-widget elementor-widget-button\" data-id=\"695d4b4b\" data-element_type=\"widget\" data-e-type=\"widget\" data-widget_type=\"button.default\">\n\t\t\t\t<div class=\"elementor-widget-container\">\n\t\t\t\t\t\t\t\t\t<div class=\"elementor-button-wrapper\">\n\t\t\t\t\t<a class=\"elementor-button elementor-button-link elementor-size-sm\" href=\"https:\/\/hautaustoimisto.creativegorilla.zoner.dev\/wp-content\/uploads\/2024\/12\/MUISTILISTA-OMAISILLE.pdf\">\n\t\t\t\t\t\t<span class=\"elementor-button-content-wrapper\">\n\t\t\t\t\t\t\t\t\t<span class=\"elementor-button-text\">Lataa t\u00e4st\u00e4 &gt;<\/span>\n\t\t\t\t\t<\/span>\n\t\t\t\t\t<\/a>\n\t\t\t\t<\/div>\n\t\t\t\t\t\t\t\t<\/div>\n\t\t\t\t<\/div>\n\t\t\t\t<\/div>\n\t\t<div class=\"elementor-element elementor-element-6a2ddbd1 e-con-full e-flex e-con e-child\" data-id=\"6a2ddbd1\" data-element_type=\"container\" data-e-type=\"container\">\n\t\t\t\t<div class=\"elementor-element elementor-element-3a851f45 elementor-widget elementor-widget-image\" data-id=\"3a851f45\" data-element_type=\"widget\" data-e-type=\"widget\" data-widget_type=\"image.default\">\n\t\t\t\t<div class=\"elementor-widget-container\">\n\t\t\t\t\t\t\t\t\t\t\t\t\t\t\t<img decoding=\"async\" width=\"800\" height=\"796\" src=\"https:\/\/hautaustoimisto.creativegorilla.zoner.dev\/wp-content\/uploads\/2024\/12\/hautaustoimistolahti-muistomerkit-1024x1019.png\" class=\"attachment-large size-large wp-image-69\" alt=\"\" srcset=\"https:\/\/hautaustoimisto.creativegorilla.zoner.dev\/wp-content\/uploads\/2024\/12\/hautaustoimistolahti-muistomerkit-1024x1019.png 1024w, https:\/\/hautaustoimisto.creativegorilla.zoner.dev\/wp-content\/uploads\/2024\/12\/hautaustoimistolahti-muistomerkit-300x300.png 300w, https:\/\/hautaustoimisto.creativegorilla.zoner.dev\/wp-content\/uploads\/2024\/12\/hautaustoimistolahti-muistomerkit-150x150.png 150w, https:\/\/hautaustoimisto.creativegorilla.zoner.dev\/wp-content\/uploads\/2024\/12\/hautaustoimistolahti-muistomerkit-768x765.png 768w, https:\/\/hautaustoimisto.creativegorilla.zoner.dev\/wp-content\/uploads\/2024\/12\/hautaustoimistolahti-muistomerkit.png 1330w\" sizes=\"(max-width: 800px) 100vw, 800px\" \/>\t\t\t\t\t\t\t\t\t\t\t\t\t\t\t<\/div>\n\t\t\t\t<\/div>\n\t\t\t\t<div class=\"elementor-element elementor-element-66a9e6a7 elementor-widget elementor-widget-heading\" data-id=\"66a9e6a7\" data-element_type=\"widget\" data-e-type=\"widget\" data-widget_type=\"heading.default\">\n\t\t\t\t<div class=\"elementor-widget-container\">\n\t\t\t\t\t<h3 class=\"elementor-heading-title elementor-size-default\">Hautakiviesite<\/h3>\t\t\t\t<\/div>\n\t\t\t\t<\/div>\n\t\t\t\t<div class=\"elementor-element elementor-element-4f66ffab elementor-widget elementor-widget-text-editor\" data-id=\"4f66ffab\" data-element_type=\"widget\" data-e-type=\"widget\" data-widget_type=\"text-editor.default\">\n\t\t\t\t<div class=\"elementor-widget-container\">\n\t\t\t\t\t\t\t\t\t<p>Tervetuloa tutustumaan laajaan <br \/>hautakivi-mallistoomme, josta <br \/>l\u00f6yd\u00e4t niin perinteisi\u00e4 kuin <br \/>moderneja muistomerkkimalleja.<\/p>\t\t\t\t\t\t\t\t<\/div>\n\t\t\t\t<\/div>\n\t\t\t\t<div class=\"elementor-element elementor-element-74714517 elementor-widget elementor-widget-button\" data-id=\"74714517\" data-element_type=\"widget\" data-e-type=\"widget\" data-widget_type=\"button.default\">\n\t\t\t\t<div class=\"elementor-widget-container\">\n\t\t\t\t\t\t\t\t\t<div class=\"elementor-button-wrapper\">\n\t\t\t\t\t<a class=\"elementor-button elementor-button-link elementor-size-sm\" href=\"https:\/\/hautaustoimisto.creativegorilla.zoner.dev\/wp-content\/uploads\/2024\/12\/Kivilahde-kuvasto.pdf\">\n\t\t\t\t\t\t<span class=\"elementor-button-content-wrapper\">\n\t\t\t\t\t\t\t\t\t<span class=\"elementor-button-text\">Lataa t\u00e4st\u00e4 &gt;<\/span>\n\t\t\t\t\t<\/span>\n\t\t\t\t\t<\/a>\n\t\t\t\t<\/div>\n\t\t\t\t\t\t\t\t<\/div>\n\t\t\t\t<\/div>\n\t\t\t\t<\/div>\n\t\t<div class=\"elementor-element elementor-element-5579ffa2 e-con-full e-flex e-con e-child\" data-id=\"5579ffa2\" data-element_type=\"container\" data-e-type=\"container\">\n\t\t\t\t<div class=\"elementor-element elementor-element-4269f706 elementor-widget elementor-widget-image\" data-id=\"4269f706\" data-element_type=\"widget\" data-e-type=\"widget\" data-widget_type=\"image.default\">\n\t\t\t\t<div class=\"elementor-widget-container\">\n\t\t\t\t\t\t\t\t\t\t\t\t\t\t\t<img decoding=\"async\" width=\"714\" height=\"715\" src=\"https:\/\/hautaustoimisto.creativegorilla.zoner.dev\/wp-content\/uploads\/2024\/12\/Ekoarkut.jpg\" class=\"attachment-large size-large wp-image-64\" alt=\"\" srcset=\"https:\/\/hautaustoimisto.creativegorilla.zoner.dev\/wp-content\/uploads\/2024\/12\/Ekoarkut.jpg 714w, https:\/\/hautaustoimisto.creativegorilla.zoner.dev\/wp-content\/uploads\/2024\/12\/Ekoarkut-300x300.jpg 300w, https:\/\/hautaustoimisto.creativegorilla.zoner.dev\/wp-content\/uploads\/2024\/12\/Ekoarkut-150x150.jpg 150w\" sizes=\"(max-width: 714px) 100vw, 714px\" \/>\t\t\t\t\t\t\t\t\t\t\t\t\t\t\t<\/div>\n\t\t\t\t<\/div>\n\t\t\t\t<div class=\"elementor-element elementor-element-6a1e01fa elementor-widget elementor-widget-heading\" data-id=\"6a1e01fa\" data-element_type=\"widget\" data-e-type=\"widget\" data-widget_type=\"heading.default\">\n\t\t\t\t<div class=\"elementor-widget-container\">\n\t\t\t\t\t<h3 class=\"elementor-heading-title elementor-size-default\">Arkut ja uurnat<\/h3>\t\t\t\t<\/div>\n\t\t\t\t<\/div>\n\t\t\t\t<div class=\"elementor-element elementor-element-3c16ab76 elementor-widget elementor-widget-text-editor\" data-id=\"3c16ab76\" data-element_type=\"widget\" data-e-type=\"widget\" data-widget_type=\"text-editor.default\">\n\t\t\t\t<div class=\"elementor-widget-container\">\n\t\t\t\t\t\t\t\t\t<p>Arkuissa ja uurnissa yhdistyv\u00e4t <br \/>laadukkaat materiaalit, <br \/>vuosikymmenten kokemus<br \/>sek\u00e4 suomalainen k\u00e4sity\u00f6.<\/p>\t\t\t\t\t\t\t\t<\/div>\n\t\t\t\t<\/div>\n\t\t\t\t<div class=\"elementor-element elementor-element-8c8a0da elementor-widget elementor-widget-button\" data-id=\"8c8a0da\" data-element_type=\"widget\" data-e-type=\"widget\" data-widget_type=\"button.default\">\n\t\t\t\t<div class=\"elementor-widget-container\">\n\t\t\t\t\t\t\t\t\t<div class=\"elementor-button-wrapper\">\n\t\t\t\t\t<a class=\"elementor-button elementor-button-link elementor-size-sm\" href=\"https:\/\/hautaustoimisto.creativegorilla.zoner.dev\/wp-content\/uploads\/2024\/12\/Arkut_ja_uurnat_kuvasto_2022.pdf\">\n\t\t\t\t\t\t<span class=\"elementor-button-content-wrapper\">\n\t\t\t\t\t\t\t\t\t<span class=\"elementor-button-text\">Lataa t\u00e4st\u00e4 &gt;<\/span>\n\t\t\t\t\t<\/span>\n\t\t\t\t\t<\/a>\n\t\t\t\t<\/div>\n\t\t\t\t\t\t\t\t<\/div>\n\t\t\t\t<\/div>\n\t\t\t\t<\/div>\n\t\t\t\t\t<\/div>\n\t\t\t\t<\/div>\n\t\t<div class=\"elementor-element elementor-element-2e1eb16c e-flex e-con-boxed e-con e-parent\" data-id=\"2e1eb16c\" data-element_type=\"container\" data-e-type=\"container\">\n\t\t\t\t\t<div class=\"e-con-inner\">\n\t\t\t\t<div class=\"elementor-element elementor-element-43535e99 elementor-widget elementor-widget-image\" data-id=\"43535e99\" data-element_type=\"widget\" data-e-type=\"widget\" data-widget_type=\"image.default\">\n\t\t\t\t<div class=\"elementor-widget-container\">\n\t\t\t\t\t\t\t\t\t\t\t\t\t\t\t<img loading=\"lazy\" decoding=\"async\" width=\"800\" height=\"348\" src=\"https:\/\/hautaustoimisto.creativegorilla.zoner.dev\/wp-content\/uploads\/2024\/12\/hautaustoimistolahti-muistotilaisuudet-1024x446.jpg\" class=\"attachment-large size-large wp-image-260\" alt=\"\" srcset=\"https:\/\/hautaustoimisto.creativegorilla.zoner.dev\/wp-content\/uploads\/2024\/12\/hautaustoimistolahti-muistotilaisuudet-1024x446.jpg 1024w, https:\/\/hautaustoimisto.creativegorilla.zoner.dev\/wp-content\/uploads\/2024\/12\/hautaustoimistolahti-muistotilaisuudet-300x131.jpg 300w, https:\/\/hautaustoimisto.creativegorilla.zoner.dev\/wp-content\/uploads\/2024\/12\/hautaustoimistolahti-muistotilaisuudet-768x335.jpg 768w, https:\/\/hautaustoimisto.creativegorilla.zoner.dev\/wp-content\/uploads\/2024\/12\/hautaustoimistolahti-muistotilaisuudet-1536x670.jpg 1536w, https:\/\/hautaustoimisto.creativegorilla.zoner.dev\/wp-content\/uploads\/2024\/12\/hautaustoimistolahti-muistotilaisuudet-2048x893.jpg 2048w\" sizes=\"(max-width: 800px) 100vw, 800px\" \/>\t\t\t\t\t\t\t\t\t\t\t\t\t\t\t<\/div>\n\t\t\t\t<\/div>\n\t\t\t\t\t<\/div>\n\t\t\t\t<\/div>\n\t\t\t\t<\/div>\n\t\t","protected":false},"excerpt":{"rendered":"<p>palvelumme Muisto- tilaisuuden j\u00e4rjest\u00e4minen Muistotilaisuutta varten tehd\u00e4\u00e4n monesti paljon j\u00e4rjestelyj\u00e4 ja varauksia. Autamme sinua sek\u00e4 kokonaisuuden ett\u00e4 yksitt\u00e4isten asioiden j\u00e4rjest\u00e4misess\u00e4. Muistotilaisuus Muistotilaisuus j\u00e4rjestet\u00e4\u00e4n usein v\u00e4litt\u00f6m\u00e4sti siunaus-\/saattohetken j\u00e4lkeen. Selvit\u00e4mme omaisten toiveesta esitettyjen toiveiden perusteella parhaiten soveltuvan muistotilaisuuspaikan tarjoiluehdotuksineen ja hoidamme tilaisuuden koristelut sek\u00e4 ohjelman. Menukokonaisuuden voi suunnitella itse, tai sen voi valita valmiilta listalta. Ammattitaitoiset yhteisty\u00f6kumppanimme [&hellip;]<\/p>\n","protected":false},"author":1,"featured_media":0,"parent":0,"menu_order":0,"comment_status":"closed","ping_status":"closed","template":"","meta":{"footnotes":""},"class_list":["post-86","page","type-page","status-publish","hentry"],"yoast_head":"<!-- This site is optimized with the Yoast SEO plugin v26.8 - https:\/\/yoast.com\/product\/yoast-seo-wordpress\/ -->\n<title>Muistotilaisuudet \u2013 Arvokasta apua l\u00e4heisesi muistolle.<\/title>\n<meta name=\"description\" content=\"muistotilaisuudet. Suunnittele muistotilaisuus, joka kunnioittaa rakkaasi el\u00e4m\u00e4\u00e4 ja muistoa. Me tarjoamme asiantuntevaa apua.\" \/>\n<meta name=\"robots\" content=\"noindex, follow, max-snippet:-1, max-image-preview:large, max-video-preview:-1\" \/>\n<meta property=\"og:locale\" content=\"fi_FI\" \/>\n<meta property=\"og:type\" content=\"article\" \/>\n<meta property=\"og:title\" content=\"Muistotilaisuudet \u2013 Arvokasta apua l\u00e4heisesi muistolle.\" \/>\n<meta property=\"og:description\" content=\"muistotilaisuudet. Suunnittele muistotilaisuus, joka kunnioittaa rakkaasi el\u00e4m\u00e4\u00e4 ja muistoa. Me tarjoamme asiantuntevaa apua.\" \/>\n<meta property=\"og:url\" content=\"https:\/\/hautaustoimisto.creativegorilla.zoner.dev\/?page_id=86\" \/>\n<meta property=\"og:site_name\" content=\"Torin Wanha Hautaustoimisto Oy\" \/>\n<meta property=\"article:modified_time\" content=\"2024-12-28T10:47:02+00:00\" \/>\n<meta property=\"og:image\" content=\"https:\/\/hautaustoimisto.creativegorilla.zoner.dev\/wp-content\/uploads\/2024\/12\/muistilista_omaisille.jpg\" \/>\n<meta name=\"twitter:card\" content=\"summary_large_image\" \/>\n<meta name=\"twitter:label1\" content=\"Arvioitu lukuaika\" \/>\n\t<meta name=\"twitter:data1\" content=\"3 minuuttia\" \/>\n<script type=\"application\/ld+json\" class=\"yoast-schema-graph\">{\"@context\":\"https:\/\/schema.org\",\"@graph\":[{\"@type\":\"WebPage\",\"@id\":\"https:\/\/hautaustoimisto.creativegorilla.zoner.dev\/?page_id=86\",\"url\":\"https:\/\/hautaustoimisto.creativegorilla.zoner.dev\/?page_id=86\",\"name\":\"Muistotilaisuudet \u2013 Arvokasta apua l\u00e4heisesi muistolle.\",\"isPartOf\":{\"@id\":\"https:\/\/hautaustoimisto.creativegorilla.zoner.dev\/#website\"},\"primaryImageOfPage\":{\"@id\":\"https:\/\/hautaustoimisto.creativegorilla.zoner.dev\/?page_id=86#primaryimage\"},\"image\":{\"@id\":\"https:\/\/hautaustoimisto.creativegorilla.zoner.dev\/?page_id=86#primaryimage\"},\"thumbnailUrl\":\"https:\/\/hautaustoimisto.creativegorilla.zoner.dev\/wp-content\/uploads\/2024\/12\/muistilista_omaisille.jpg\",\"datePublished\":\"2024-12-13T09:19:42+00:00\",\"dateModified\":\"2024-12-28T10:47:02+00:00\",\"description\":\"muistotilaisuudet. Suunnittele muistotilaisuus, joka kunnioittaa rakkaasi el\u00e4m\u00e4\u00e4 ja muistoa. Me tarjoamme asiantuntevaa apua.\",\"breadcrumb\":{\"@id\":\"https:\/\/hautaustoimisto.creativegorilla.zoner.dev\/?page_id=86#breadcrumb\"},\"inLanguage\":\"fi\",\"potentialAction\":[{\"@type\":\"ReadAction\",\"target\":[\"https:\/\/hautaustoimisto.creativegorilla.zoner.dev\/?page_id=86\"]}]},{\"@type\":\"ImageObject\",\"inLanguage\":\"fi\",\"@id\":\"https:\/\/hautaustoimisto.creativegorilla.zoner.dev\/?page_id=86#primaryimage\",\"url\":\"https:\/\/hautaustoimisto.creativegorilla.zoner.dev\/wp-content\/uploads\/2024\/12\/muistilista_omaisille.jpg\",\"contentUrl\":\"https:\/\/hautaustoimisto.creativegorilla.zoner.dev\/wp-content\/uploads\/2024\/12\/muistilista_omaisille.jpg\",\"width\":714,\"height\":715},{\"@type\":\"BreadcrumbList\",\"@id\":\"https:\/\/hautaustoimisto.creativegorilla.zoner.dev\/?page_id=86#breadcrumb\",\"itemListElement\":[{\"@type\":\"ListItem\",\"position\":1,\"name\":\"Etusivu\",\"item\":\"https:\/\/hautaustoimisto.creativegorilla.zoner.dev\/\"},{\"@type\":\"ListItem\",\"position\":2,\"name\":\"Muistotilaisuudet\"}]},{\"@type\":\"WebSite\",\"@id\":\"https:\/\/hautaustoimisto.creativegorilla.zoner.dev\/#website\",\"url\":\"https:\/\/hautaustoimisto.creativegorilla.zoner.dev\/\",\"name\":\"Torin Wanha Hautaustoimisto Oy\",\"description\":\"T&auml;yden palvelun hautaustoimisto Lahdessa\",\"potentialAction\":[{\"@type\":\"SearchAction\",\"target\":{\"@type\":\"EntryPoint\",\"urlTemplate\":\"https:\/\/hautaustoimisto.creativegorilla.zoner.dev\/?s={search_term_string}\"},\"query-input\":{\"@type\":\"PropertyValueSpecification\",\"valueRequired\":true,\"valueName\":\"search_term_string\"}}],\"inLanguage\":\"fi\"}]}<\/script>\n<!-- \/ Yoast SEO plugin. -->","yoast_head_json":{"title":"Muistotilaisuudet \u2013 Arvokasta apua l\u00e4heisesi muistolle.","description":"muistotilaisuudet. Suunnittele muistotilaisuus, joka kunnioittaa rakkaasi el\u00e4m\u00e4\u00e4 ja muistoa. Me tarjoamme asiantuntevaa apua.","robots":{"index":"noindex","follow":"follow","max-snippet":"max-snippet:-1","max-image-preview":"max-image-preview:large","max-video-preview":"max-video-preview:-1"},"og_locale":"fi_FI","og_type":"article","og_title":"Muistotilaisuudet \u2013 Arvokasta apua l\u00e4heisesi muistolle.","og_description":"muistotilaisuudet. Suunnittele muistotilaisuus, joka kunnioittaa rakkaasi el\u00e4m\u00e4\u00e4 ja muistoa. Me tarjoamme asiantuntevaa apua.","og_url":"https:\/\/hautaustoimisto.creativegorilla.zoner.dev\/?page_id=86","og_site_name":"Torin Wanha Hautaustoimisto Oy","article_modified_time":"2024-12-28T10:47:02+00:00","og_image":[{"url":"https:\/\/hautaustoimisto.creativegorilla.zoner.dev\/wp-content\/uploads\/2024\/12\/muistilista_omaisille.jpg","type":"","width":"","height":""}],"twitter_card":"summary_large_image","twitter_misc":{"Arvioitu lukuaika":"3 minuuttia"},"schema":{"@context":"https:\/\/schema.org","@graph":[{"@type":"WebPage","@id":"https:\/\/hautaustoimisto.creativegorilla.zoner.dev\/?page_id=86","url":"https:\/\/hautaustoimisto.creativegorilla.zoner.dev\/?page_id=86","name":"Muistotilaisuudet \u2013 Arvokasta apua l\u00e4heisesi muistolle.","isPartOf":{"@id":"https:\/\/hautaustoimisto.creativegorilla.zoner.dev\/#website"},"primaryImageOfPage":{"@id":"https:\/\/hautaustoimisto.creativegorilla.zoner.dev\/?page_id=86#primaryimage"},"image":{"@id":"https:\/\/hautaustoimisto.creativegorilla.zoner.dev\/?page_id=86#primaryimage"},"thumbnailUrl":"https:\/\/hautaustoimisto.creativegorilla.zoner.dev\/wp-content\/uploads\/2024\/12\/muistilista_omaisille.jpg","datePublished":"2024-12-13T09:19:42+00:00","dateModified":"2024-12-28T10:47:02+00:00","description":"muistotilaisuudet. Suunnittele muistotilaisuus, joka kunnioittaa rakkaasi el\u00e4m\u00e4\u00e4 ja muistoa. Me tarjoamme asiantuntevaa apua.","breadcrumb":{"@id":"https:\/\/hautaustoimisto.creativegorilla.zoner.dev\/?page_id=86#breadcrumb"},"inLanguage":"fi","potentialAction":[{"@type":"ReadAction","target":["https:\/\/hautaustoimisto.creativegorilla.zoner.dev\/?page_id=86"]}]},{"@type":"ImageObject","inLanguage":"fi","@id":"https:\/\/hautaustoimisto.creativegorilla.zoner.dev\/?page_id=86#primaryimage","url":"https:\/\/hautaustoimisto.creativegorilla.zoner.dev\/wp-content\/uploads\/2024\/12\/muistilista_omaisille.jpg","contentUrl":"https:\/\/hautaustoimisto.creativegorilla.zoner.dev\/wp-content\/uploads\/2024\/12\/muistilista_omaisille.jpg","width":714,"height":715},{"@type":"BreadcrumbList","@id":"https:\/\/hautaustoimisto.creativegorilla.zoner.dev\/?page_id=86#breadcrumb","itemListElement":[{"@type":"ListItem","position":1,"name":"Etusivu","item":"https:\/\/hautaustoimisto.creativegorilla.zoner.dev\/"},{"@type":"ListItem","position":2,"name":"Muistotilaisuudet"}]},{"@type":"WebSite","@id":"https:\/\/hautaustoimisto.creativegorilla.zoner.dev\/#website","url":"https:\/\/hautaustoimisto.creativegorilla.zoner.dev\/","name":"Torin Wanha Hautaustoimisto Oy","description":"T&auml;yden palvelun hautaustoimisto Lahdessa","potentialAction":[{"@type":"SearchAction","target":{"@type":"EntryPoint","urlTemplate":"https:\/\/hautaustoimisto.creativegorilla.zoner.dev\/?s={search_term_string}"},"query-input":{"@type":"PropertyValueSpecification","valueRequired":true,"valueName":"search_term_string"}}],"inLanguage":"fi"}]}},"_links":{"self":[{"href":"https:\/\/hautaustoimisto.creativegorilla.zoner.dev\/index.php?rest_route=\/wp\/v2\/pages\/86","targetHints":{"allow":["GET"]}}],"collection":[{"href":"https:\/\/hautaustoimisto.creativegorilla.zoner.dev\/index.php?rest_route=\/wp\/v2\/pages"}],"about":[{"href":"https:\/\/hautaustoimisto.creativegorilla.zoner.dev\/index.php?rest_route=\/wp\/v2\/types\/page"}],"author":[{"embeddable":true,"href":"https:\/\/hautaustoimisto.creativegorilla.zoner.dev\/index.php?rest_route=\/wp\/v2\/users\/1"}],"replies":[{"embeddable":true,"href":"https:\/\/hautaustoimisto.creativegorilla.zoner.dev\/index.php?rest_route=%2Fwp%2Fv2%2Fcomments&post=86"}],"version-history":[{"count":4,"href":"https:\/\/hautaustoimisto.creativegorilla.zoner.dev\/index.php?rest_route=\/wp\/v2\/pages\/86\/revisions"}],"predecessor-version":[{"id":264,"href":"https:\/\/hautaustoimisto.creativegorilla.zoner.dev\/index.php?rest_route=\/wp\/v2\/pages\/86\/revisions\/264"}],"wp:attachment":[{"href":"https:\/\/hautaustoimisto.creativegorilla.zoner.dev\/index.php?rest_route=%2Fwp%2Fv2%2Fmedia&parent=86"}],"curies":[{"name":"wp","href":"https:\/\/api.w.org\/{rel}","templated":true}]}}