{"id":43,"date":"2024-12-13T10:02:49","date_gmt":"2024-12-13T08:02:49","guid":{"rendered":"https:\/\/hautaustoimisto.creativegorilla.zoner.dev\/?page_id=43"},"modified":"2024-12-28T12:53:16","modified_gmt":"2024-12-28T10:53:16","slug":"yhteystiedot","status":"publish","type":"page","link":"https:\/\/hautaustoimisto.creativegorilla.zoner.dev\/?page_id=43","title":{"rendered":"Yhteystiedot"},"content":{"rendered":"\t\t<div data-elementor-type=\"wp-page\" data-elementor-id=\"43\" class=\"elementor elementor-43\" data-elementor-post-type=\"page\">\n\t\t\t\t<div class=\"elementor-element elementor-element-1b501cbe e-con-full e-flex e-con e-parent\" data-id=\"1b501cbe\" data-element_type=\"container\" data-e-type=\"container\">\n\t\t<div class=\"elementor-element elementor-element-4ec72af7 e-con-full e-flex e-con e-child\" data-id=\"4ec72af7\" data-element_type=\"container\" data-e-type=\"container\" data-settings=\"{&quot;background_background&quot;:&quot;classic&quot;}\">\n\t\t\t\t<div class=\"elementor-element elementor-element-16bcef64 elementor-widget elementor-widget-heading\" data-id=\"16bcef64\" data-element_type=\"widget\" data-e-type=\"widget\" data-widget_type=\"heading.default\">\n\t\t\t\t<div class=\"elementor-widget-container\">\n\t\t\t\t\t<h5 class=\"elementor-heading-title elementor-size-default\">palvelumme<\/h5>\t\t\t\t<\/div>\n\t\t\t\t<\/div>\n\t\t\t\t<div class=\"elementor-element elementor-element-686f94c9 elementor-widget elementor-widget-heading\" data-id=\"686f94c9\" data-element_type=\"widget\" data-e-type=\"widget\" data-widget_type=\"heading.default\">\n\t\t\t\t<div class=\"elementor-widget-container\">\n\t\t\t\t\t<h1 class=\"elementor-heading-title elementor-size-default\">Torin Wanha\nHautaus&shy;toimisto Oy<\/h1>\t\t\t\t<\/div>\n\t\t\t\t<\/div>\n\t\t\t\t<div class=\"elementor-element elementor-element-301df024 elementor-widget elementor-widget-text-editor\" data-id=\"301df024\" data-element_type=\"widget\" data-e-type=\"widget\" data-widget_type=\"text-editor.default\">\n\t\t\t\t<div class=\"elementor-widget-container\">\n\t\t\t\t\t\t\t\t\t<p>Olemme Lahdessa sijaitseva perheyritys.<br \/>Autamme ja opastamme kaikkeen hautajaisiin ja niiden j\u00e4rjestelyyn liittyviss\u00e4 asioissa.<\/p>\t\t\t\t\t\t\t\t<\/div>\n\t\t\t\t<\/div>\n\t\t\t\t<\/div>\n\t\t<div class=\"elementor-element elementor-element-6bc411d8 e-con-full e-flex e-con e-child\" data-id=\"6bc411d8\" data-element_type=\"container\" data-e-type=\"container\" data-settings=\"{&quot;background_background&quot;:&quot;classic&quot;}\">\n\t\t\t\t<\/div>\n\t\t\t\t<\/div>\n\t\t<div class=\"elementor-element elementor-element-6a91148 e-flex e-con-boxed e-con e-parent\" data-id=\"6a91148\" data-element_type=\"container\" data-e-type=\"container\" data-settings=\"{&quot;background_background&quot;:&quot;classic&quot;}\">\n\t\t\t\t\t<div class=\"e-con-inner\">\n\t\t\t\t<div class=\"elementor-element elementor-element-0797844 elementor-widget elementor-widget-heading\" data-id=\"0797844\" data-element_type=\"widget\" data-e-type=\"widget\" data-widget_type=\"heading.default\">\n\t\t\t\t<div class=\"elementor-widget-container\">\n\t\t\t\t\t<h2 class=\"elementor-heading-title elementor-size-default\">Yhteydenotto<\/h2>\t\t\t\t<\/div>\n\t\t\t\t<\/div>\n\t\t\t\t<div class=\"elementor-element elementor-element-d28b11e elementor-widget-divider--view-line elementor-widget elementor-widget-divider\" data-id=\"d28b11e\" data-element_type=\"widget\" data-e-type=\"widget\" data-widget_type=\"divider.default\">\n\t\t\t\t<div class=\"elementor-widget-container\">\n\t\t\t\t\t\t\t<div class=\"elementor-divider\">\n\t\t\t<span class=\"elementor-divider-separator\">\n\t\t\t\t\t\t<\/span>\n\t\t<\/div>\n\t\t\t\t\t\t<\/div>\n\t\t\t\t<\/div>\n\t\t\t\t<div class=\"elementor-element elementor-element-ede200d elementor-widget elementor-widget-text-editor\" data-id=\"ede200d\" data-element_type=\"widget\" data-e-type=\"widget\" data-widget_type=\"text-editor.default\">\n\t\t\t\t<div class=\"elementor-widget-container\">\n\t\t\t\t\t\t\t\t\t<p>Toimisto avoinna arkisin ma-pe klo 9:00 \u2013 16:00<br \/>Muuna aikana palvelemme puhelimitse<br \/>tai sopimuksen mukaan toimistolla tai kotik\u00e4ynnill\u00e4<\/p>\t\t\t\t\t\t\t\t<\/div>\n\t\t\t\t<\/div>\n\t\t\t\t\t<\/div>\n\t\t\t\t<\/div>\n\t\t<div class=\"elementor-element elementor-element-a41aee5 e-flex e-con-boxed e-con e-parent\" data-id=\"a41aee5\" data-element_type=\"container\" data-e-type=\"container\" data-settings=\"{&quot;background_background&quot;:&quot;classic&quot;}\">\n\t\t\t\t\t<div class=\"e-con-inner\">\n\t\t<div class=\"elementor-element elementor-element-1020016 e-con-full e-flex e-con e-child\" data-id=\"1020016\" data-element_type=\"container\" data-e-type=\"container\">\n\t\t\t\t<div class=\"elementor-element elementor-element-d5c2595 elementor-widget elementor-widget-image\" data-id=\"d5c2595\" data-element_type=\"widget\" data-e-type=\"widget\" data-widget_type=\"image.default\">\n\t\t\t\t<div class=\"elementor-widget-container\">\n\t\t\t\t\t\t\t\t\t\t\t\t\t\t\t<img fetchpriority=\"high\" decoding=\"async\" width=\"600\" height=\"564\" src=\"https:\/\/hautaustoimisto.creativegorilla.zoner.dev\/wp-content\/uploads\/2024\/12\/ikoni-lokaatio.png\" class=\"attachment-large size-large wp-image-71\" alt=\"\" srcset=\"https:\/\/hautaustoimisto.creativegorilla.zoner.dev\/wp-content\/uploads\/2024\/12\/ikoni-lokaatio.png 600w, https:\/\/hautaustoimisto.creativegorilla.zoner.dev\/wp-content\/uploads\/2024\/12\/ikoni-lokaatio-300x282.png 300w\" sizes=\"(max-width: 600px) 100vw, 600px\" \/>\t\t\t\t\t\t\t\t\t\t\t\t\t\t\t<\/div>\n\t\t\t\t<\/div>\n\t\t\t\t<div class=\"elementor-element elementor-element-45214a0 elementor-widget elementor-widget-text-editor\" data-id=\"45214a0\" data-element_type=\"widget\" data-e-type=\"widget\" data-widget_type=\"text-editor.default\">\n\t\t\t\t<div class=\"elementor-widget-container\">\n\t\t\t\t\t\t\t\t\t<p><strong>LAHTI KESKUSTA:<\/strong><\/p>\t\t\t\t\t\t\t\t<\/div>\n\t\t\t\t<\/div>\n\t\t\t\t<div class=\"elementor-element elementor-element-3f29dd4 elementor-widget elementor-widget-text-editor\" data-id=\"3f29dd4\" data-element_type=\"widget\" data-e-type=\"widget\" data-widget_type=\"text-editor.default\">\n\t\t\t\t<div class=\"elementor-widget-container\">\n\t\t\t\t\t\t\t\t\t<p>VAPAUDENKATU 2<br \/>15110 LAHTI<\/p>\t\t\t\t\t\t\t\t<\/div>\n\t\t\t\t<\/div>\n\t\t\t\t<\/div>\n\t\t<div class=\"elementor-element elementor-element-57e5973 e-con-full e-flex e-con e-child\" data-id=\"57e5973\" data-element_type=\"container\" data-e-type=\"container\">\n\t\t\t\t<div class=\"elementor-element elementor-element-90799a2 elementor-widget elementor-widget-image\" data-id=\"90799a2\" data-element_type=\"widget\" data-e-type=\"widget\" data-widget_type=\"image.default\">\n\t\t\t\t<div class=\"elementor-widget-container\">\n\t\t\t\t\t\t\t\t\t\t\t\t\t\t\t<img decoding=\"async\" width=\"600\" height=\"570\" src=\"https:\/\/hautaustoimisto.creativegorilla.zoner.dev\/wp-content\/uploads\/2024\/12\/ikoni-puhelin.png\" class=\"attachment-large size-large wp-image-72\" alt=\"\" srcset=\"https:\/\/hautaustoimisto.creativegorilla.zoner.dev\/wp-content\/uploads\/2024\/12\/ikoni-puhelin.png 600w, https:\/\/hautaustoimisto.creativegorilla.zoner.dev\/wp-content\/uploads\/2024\/12\/ikoni-puhelin-300x285.png 300w\" sizes=\"(max-width: 600px) 100vw, 600px\" \/>\t\t\t\t\t\t\t\t\t\t\t\t\t\t\t<\/div>\n\t\t\t\t<\/div>\n\t\t\t\t<div class=\"elementor-element elementor-element-d1639fc elementor-widget elementor-widget-text-editor\" data-id=\"d1639fc\" data-element_type=\"widget\" data-e-type=\"widget\" data-widget_type=\"text-editor.default\">\n\t\t\t\t<div class=\"elementor-widget-container\">\n\t\t\t\t\t\t\t\t\t<p><strong>LAHTI KESKUSTA:<\/strong><\/p>\t\t\t\t\t\t\t\t<\/div>\n\t\t\t\t<\/div>\n\t\t\t\t<div class=\"elementor-element elementor-element-70fc6d5 elementor-widget elementor-widget-text-editor\" data-id=\"70fc6d5\" data-element_type=\"widget\" data-e-type=\"widget\" data-widget_type=\"text-editor.default\">\n\t\t\t\t<div class=\"elementor-widget-container\">\n\t\t\t\t\t\t\t\t\t<p><a href=\"tel:0440771122\">0440 77 11 22<\/a><\/p>\t\t\t\t\t\t\t\t<\/div>\n\t\t\t\t<\/div>\n\t\t\t\t<div class=\"elementor-element elementor-element-2fa8889 elementor-widget elementor-widget-text-editor\" data-id=\"2fa8889\" data-element_type=\"widget\" data-e-type=\"widget\" data-widget_type=\"text-editor.default\">\n\t\t\t\t<div class=\"elementor-widget-container\">\n\t\t\t\t\t\t\t\t\t<p><strong>NASTOLA:<\/strong><\/p>\t\t\t\t\t\t\t\t<\/div>\n\t\t\t\t<\/div>\n\t\t\t\t<div class=\"elementor-element elementor-element-54df32e elementor-widget elementor-widget-text-editor\" data-id=\"54df32e\" data-element_type=\"widget\" data-e-type=\"widget\" data-widget_type=\"text-editor.default\">\n\t\t\t\t<div class=\"elementor-widget-container\">\n\t\t\t\t\t\t\t\t\t<p><a href=\"tel:0440551122\">0440 55 11 22<\/a><\/p>\t\t\t\t\t\t\t\t<\/div>\n\t\t\t\t<\/div>\n\t\t\t\t<div class=\"elementor-element elementor-element-6be0dbe elementor-widget elementor-widget-text-editor\" data-id=\"6be0dbe\" data-element_type=\"widget\" data-e-type=\"widget\" data-widget_type=\"text-editor.default\">\n\t\t\t\t<div class=\"elementor-widget-container\">\n\t\t\t\t\t\t\t\t\t<p><strong>24\/7 PALVELUNUMERO:<\/strong><\/p>\t\t\t\t\t\t\t\t<\/div>\n\t\t\t\t<\/div>\n\t\t\t\t<div class=\"elementor-element elementor-element-d65946e elementor-widget elementor-widget-text-editor\" data-id=\"d65946e\" data-element_type=\"widget\" data-e-type=\"widget\" data-widget_type=\"text-editor.default\">\n\t\t\t\t<div class=\"elementor-widget-container\">\n\t\t\t\t\t\t\t\t\t<p><a href=\"tel:0440771122\">0440 77 11 22<\/a><\/p>\t\t\t\t\t\t\t\t<\/div>\n\t\t\t\t<\/div>\n\t\t\t\t<\/div>\n\t\t<div class=\"elementor-element elementor-element-a040ef7 e-con-full e-flex e-con e-child\" data-id=\"a040ef7\" data-element_type=\"container\" data-e-type=\"container\">\n\t\t\t\t<div class=\"elementor-element elementor-element-186af01 elementor-widget elementor-widget-image\" data-id=\"186af01\" data-element_type=\"widget\" data-e-type=\"widget\" data-widget_type=\"image.default\">\n\t\t\t\t<div class=\"elementor-widget-container\">\n\t\t\t\t\t\t\t\t\t\t\t\t\t\t\t<img decoding=\"async\" width=\"600\" height=\"524\" src=\"https:\/\/hautaustoimisto.creativegorilla.zoner.dev\/wp-content\/uploads\/2024\/12\/ikoni-email.png\" class=\"attachment-large size-large wp-image-70\" alt=\"\" srcset=\"https:\/\/hautaustoimisto.creativegorilla.zoner.dev\/wp-content\/uploads\/2024\/12\/ikoni-email.png 600w, https:\/\/hautaustoimisto.creativegorilla.zoner.dev\/wp-content\/uploads\/2024\/12\/ikoni-email-300x262.png 300w\" sizes=\"(max-width: 600px) 100vw, 600px\" \/>\t\t\t\t\t\t\t\t\t\t\t\t\t\t\t<\/div>\n\t\t\t\t<\/div>\n\t\t\t\t<div class=\"elementor-element elementor-element-cdaf6ad elementor-widget elementor-widget-text-editor\" data-id=\"cdaf6ad\" data-element_type=\"widget\" data-e-type=\"widget\" data-widget_type=\"text-editor.default\">\n\t\t\t\t<div class=\"elementor-widget-container\">\n\t\t\t\t\t\t\t\t\t<p><strong>LAHTI KESKUSTA:<\/strong><\/p>\t\t\t\t\t\t\t\t<\/div>\n\t\t\t\t<\/div>\n\t\t\t\t<div class=\"elementor-element elementor-element-f37d6bc elementor-widget elementor-widget-text-editor\" data-id=\"f37d6bc\" data-element_type=\"widget\" data-e-type=\"widget\" data-widget_type=\"text-editor.default\">\n\t\t\t\t<div class=\"elementor-widget-container\">\n\t\t\t\t\t\t\t\t\t<p><a href=\"mailto:torinwanha@hautaustoimistolahti.fi\">TORINWANHA<\/a><br \/><a href=\"mailto:torinwanha@hautaustoimistolahti.fi\">@HAUTAUSTOIMISTOLAHTI.FI<\/a><\/p>\t\t\t\t\t\t\t\t<\/div>\n\t\t\t\t<\/div>\n\t\t\t\t<div class=\"elementor-element elementor-element-c573830 elementor-widget elementor-widget-text-editor\" data-id=\"c573830\" data-element_type=\"widget\" data-e-type=\"widget\" data-widget_type=\"text-editor.default\">\n\t\t\t\t<div class=\"elementor-widget-container\">\n\t\t\t\t\t\t\t\t\t<p><strong>NASTOLA:<\/strong><\/p>\t\t\t\t\t\t\t\t<\/div>\n\t\t\t\t<\/div>\n\t\t\t\t<div class=\"elementor-element elementor-element-b2589bc elementor-widget elementor-widget-text-editor\" data-id=\"b2589bc\" data-element_type=\"widget\" data-e-type=\"widget\" data-widget_type=\"text-editor.default\">\n\t\t\t\t<div class=\"elementor-widget-container\">\n\t\t\t\t\t\t\t\t\t<p><a href=\"mailto:nastola@hautaustoimistolahti.fi\">NASTOLA<\/a><br \/><a href=\"mailto:nastola@hautaustoimistolahti.fi\">@HAUTAUSTOIMISTOLAHTI.FI<\/a><\/p>\t\t\t\t\t\t\t\t<\/div>\n\t\t\t\t<\/div>\n\t\t\t\t<\/div>\n\t\t\t\t\t<\/div>\n\t\t\t\t<\/div>\n\t\t<div class=\"elementor-element elementor-element-29663399 e-flex e-con-boxed e-con e-parent\" data-id=\"29663399\" data-element_type=\"container\" data-e-type=\"container\">\n\t\t\t\t\t<div class=\"e-con-inner\">\n\t\t\t\t<div class=\"elementor-element elementor-element-3e49afa3 elementor-widget elementor-widget-image\" data-id=\"3e49afa3\" data-element_type=\"widget\" data-e-type=\"widget\" data-widget_type=\"image.default\">\n\t\t\t\t<div class=\"elementor-widget-container\">\n\t\t\t\t\t\t\t\t\t\t\t\t\t\t\t<img loading=\"lazy\" decoding=\"async\" width=\"800\" height=\"349\" src=\"https:\/\/hautaustoimisto.creativegorilla.zoner.dev\/wp-content\/uploads\/2024\/12\/hautaus_ruumisauto-1024x447.jpg\" class=\"attachment-large size-large wp-image-217\" alt=\"\" srcset=\"https:\/\/hautaustoimisto.creativegorilla.zoner.dev\/wp-content\/uploads\/2024\/12\/hautaus_ruumisauto-1024x447.jpg 1024w, https:\/\/hautaustoimisto.creativegorilla.zoner.dev\/wp-content\/uploads\/2024\/12\/hautaus_ruumisauto-300x131.jpg 300w, https:\/\/hautaustoimisto.creativegorilla.zoner.dev\/wp-content\/uploads\/2024\/12\/hautaus_ruumisauto-768x335.jpg 768w, https:\/\/hautaustoimisto.creativegorilla.zoner.dev\/wp-content\/uploads\/2024\/12\/hautaus_ruumisauto.jpg 1297w\" sizes=\"(max-width: 800px) 100vw, 800px\" \/>\t\t\t\t\t\t\t\t\t\t\t\t\t\t\t<\/div>\n\t\t\t\t<\/div>\n\t\t\t\t\t<\/div>\n\t\t\t\t<\/div>\n\t\t\t\t<\/div>\n\t\t","protected":false},"excerpt":{"rendered":"<p>palvelumme Torin Wanha Hautaus&shy;toimisto Oy Olemme Lahdessa sijaitseva perheyritys.Autamme ja opastamme kaikkeen hautajaisiin ja niiden j\u00e4rjestelyyn liittyviss\u00e4 asioissa. Yhteydenotto Toimisto avoinna arkisin ma-pe klo 9:00 \u2013 16:00Muuna aikana palvelemme puhelimitsetai sopimuksen mukaan toimistolla tai kotik\u00e4ynnill\u00e4 LAHTI KESKUSTA: VAPAUDENKATU 215110 LAHTI LAHTI KESKUSTA: 0440 77 11 22 NASTOLA: 0440 55 11 22 24\/7 PALVELUNUMERO: 0440 77 [&hellip;]<\/p>\n","protected":false},"author":1,"featured_media":0,"parent":0,"menu_order":0,"comment_status":"closed","ping_status":"closed","template":"","meta":{"footnotes":""},"class_list":["post-43","page","type-page","status-publish","hentry"],"yoast_head":"<!-- This site is optimized with the Yoast SEO plugin v26.8 - https:\/\/yoast.com\/product\/yoast-seo-wordpress\/ -->\n<title>Yhteystiedot - Torin Wanha Hautaustoimisto Oy<\/title>\n<meta name=\"description\" content=\"Torin Wanha Hautaustoimisto tarjoaa asiantuntevaa ja arvokasta apua hautausj\u00e4rjestelyiss\u00e4. Ota yhteytt\u00e4 meihin.\" \/>\n<meta name=\"robots\" content=\"noindex, follow, max-snippet:-1, max-image-preview:large, max-video-preview:-1\" \/>\n<meta property=\"og:locale\" content=\"fi_FI\" \/>\n<meta property=\"og:type\" content=\"article\" \/>\n<meta property=\"og:title\" content=\"Yhteystiedot - Torin Wanha Hautaustoimisto Oy\" \/>\n<meta property=\"og:description\" content=\"Torin Wanha Hautaustoimisto tarjoaa asiantuntevaa ja arvokasta apua hautausj\u00e4rjestelyiss\u00e4. Ota yhteytt\u00e4 meihin.\" \/>\n<meta property=\"og:url\" content=\"https:\/\/hautaustoimisto.creativegorilla.zoner.dev\/?page_id=43\" \/>\n<meta property=\"og:site_name\" content=\"Torin Wanha Hautaustoimisto Oy\" \/>\n<meta property=\"article:modified_time\" content=\"2024-12-28T10:53:16+00:00\" \/>\n<meta property=\"og:image\" content=\"https:\/\/hautaustoimisto.creativegorilla.zoner.dev\/wp-content\/uploads\/2024\/12\/ikoni-lokaatio.png\" \/>\n<meta name=\"twitter:card\" content=\"summary_large_image\" \/>\n<meta name=\"twitter:label1\" content=\"Arvioitu lukuaika\" \/>\n\t<meta name=\"twitter:data1\" content=\"2 minuuttia\" \/>\n<script type=\"application\/ld+json\" class=\"yoast-schema-graph\">{\"@context\":\"https:\/\/schema.org\",\"@graph\":[{\"@type\":\"WebPage\",\"@id\":\"https:\/\/hautaustoimisto.creativegorilla.zoner.dev\/?page_id=43\",\"url\":\"https:\/\/hautaustoimisto.creativegorilla.zoner.dev\/?page_id=43\",\"name\":\"Yhteystiedot - Torin Wanha Hautaustoimisto Oy\",\"isPartOf\":{\"@id\":\"https:\/\/hautaustoimisto.creativegorilla.zoner.dev\/#website\"},\"primaryImageOfPage\":{\"@id\":\"https:\/\/hautaustoimisto.creativegorilla.zoner.dev\/?page_id=43#primaryimage\"},\"image\":{\"@id\":\"https:\/\/hautaustoimisto.creativegorilla.zoner.dev\/?page_id=43#primaryimage\"},\"thumbnailUrl\":\"https:\/\/hautaustoimisto.creativegorilla.zoner.dev\/wp-content\/uploads\/2024\/12\/ikoni-lokaatio.png\",\"datePublished\":\"2024-12-13T08:02:49+00:00\",\"dateModified\":\"2024-12-28T10:53:16+00:00\",\"description\":\"Torin Wanha Hautaustoimisto tarjoaa asiantuntevaa ja arvokasta apua hautausj\u00e4rjestelyiss\u00e4. Ota yhteytt\u00e4 meihin.\",\"breadcrumb\":{\"@id\":\"https:\/\/hautaustoimisto.creativegorilla.zoner.dev\/?page_id=43#breadcrumb\"},\"inLanguage\":\"fi\",\"potentialAction\":[{\"@type\":\"ReadAction\",\"target\":[\"https:\/\/hautaustoimisto.creativegorilla.zoner.dev\/?page_id=43\"]}]},{\"@type\":\"ImageObject\",\"inLanguage\":\"fi\",\"@id\":\"https:\/\/hautaustoimisto.creativegorilla.zoner.dev\/?page_id=43#primaryimage\",\"url\":\"https:\/\/hautaustoimisto.creativegorilla.zoner.dev\/wp-content\/uploads\/2024\/12\/ikoni-lokaatio.png\",\"contentUrl\":\"https:\/\/hautaustoimisto.creativegorilla.zoner.dev\/wp-content\/uploads\/2024\/12\/ikoni-lokaatio.png\",\"width\":600,\"height\":564},{\"@type\":\"BreadcrumbList\",\"@id\":\"https:\/\/hautaustoimisto.creativegorilla.zoner.dev\/?page_id=43#breadcrumb\",\"itemListElement\":[{\"@type\":\"ListItem\",\"position\":1,\"name\":\"Etusivu\",\"item\":\"https:\/\/hautaustoimisto.creativegorilla.zoner.dev\/\"},{\"@type\":\"ListItem\",\"position\":2,\"name\":\"Yhteystiedot\"}]},{\"@type\":\"WebSite\",\"@id\":\"https:\/\/hautaustoimisto.creativegorilla.zoner.dev\/#website\",\"url\":\"https:\/\/hautaustoimisto.creativegorilla.zoner.dev\/\",\"name\":\"Torin Wanha Hautaustoimisto Oy\",\"description\":\"T&auml;yden palvelun hautaustoimisto Lahdessa\",\"potentialAction\":[{\"@type\":\"SearchAction\",\"target\":{\"@type\":\"EntryPoint\",\"urlTemplate\":\"https:\/\/hautaustoimisto.creativegorilla.zoner.dev\/?s={search_term_string}\"},\"query-input\":{\"@type\":\"PropertyValueSpecification\",\"valueRequired\":true,\"valueName\":\"search_term_string\"}}],\"inLanguage\":\"fi\"}]}<\/script>\n<!-- \/ Yoast SEO plugin. -->","yoast_head_json":{"title":"Yhteystiedot - Torin Wanha Hautaustoimisto Oy","description":"Torin Wanha Hautaustoimisto tarjoaa asiantuntevaa ja arvokasta apua hautausj\u00e4rjestelyiss\u00e4. Ota yhteytt\u00e4 meihin.","robots":{"index":"noindex","follow":"follow","max-snippet":"max-snippet:-1","max-image-preview":"max-image-preview:large","max-video-preview":"max-video-preview:-1"},"og_locale":"fi_FI","og_type":"article","og_title":"Yhteystiedot - Torin Wanha Hautaustoimisto Oy","og_description":"Torin Wanha Hautaustoimisto tarjoaa asiantuntevaa ja arvokasta apua hautausj\u00e4rjestelyiss\u00e4. Ota yhteytt\u00e4 meihin.","og_url":"https:\/\/hautaustoimisto.creativegorilla.zoner.dev\/?page_id=43","og_site_name":"Torin Wanha Hautaustoimisto Oy","article_modified_time":"2024-12-28T10:53:16+00:00","og_image":[{"url":"https:\/\/hautaustoimisto.creativegorilla.zoner.dev\/wp-content\/uploads\/2024\/12\/ikoni-lokaatio.png","type":"","width":"","height":""}],"twitter_card":"summary_large_image","twitter_misc":{"Arvioitu lukuaika":"2 minuuttia"},"schema":{"@context":"https:\/\/schema.org","@graph":[{"@type":"WebPage","@id":"https:\/\/hautaustoimisto.creativegorilla.zoner.dev\/?page_id=43","url":"https:\/\/hautaustoimisto.creativegorilla.zoner.dev\/?page_id=43","name":"Yhteystiedot - Torin Wanha Hautaustoimisto Oy","isPartOf":{"@id":"https:\/\/hautaustoimisto.creativegorilla.zoner.dev\/#website"},"primaryImageOfPage":{"@id":"https:\/\/hautaustoimisto.creativegorilla.zoner.dev\/?page_id=43#primaryimage"},"image":{"@id":"https:\/\/hautaustoimisto.creativegorilla.zoner.dev\/?page_id=43#primaryimage"},"thumbnailUrl":"https:\/\/hautaustoimisto.creativegorilla.zoner.dev\/wp-content\/uploads\/2024\/12\/ikoni-lokaatio.png","datePublished":"2024-12-13T08:02:49+00:00","dateModified":"2024-12-28T10:53:16+00:00","description":"Torin Wanha Hautaustoimisto tarjoaa asiantuntevaa ja arvokasta apua hautausj\u00e4rjestelyiss\u00e4. Ota yhteytt\u00e4 meihin.","breadcrumb":{"@id":"https:\/\/hautaustoimisto.creativegorilla.zoner.dev\/?page_id=43#breadcrumb"},"inLanguage":"fi","potentialAction":[{"@type":"ReadAction","target":["https:\/\/hautaustoimisto.creativegorilla.zoner.dev\/?page_id=43"]}]},{"@type":"ImageObject","inLanguage":"fi","@id":"https:\/\/hautaustoimisto.creativegorilla.zoner.dev\/?page_id=43#primaryimage","url":"https:\/\/hautaustoimisto.creativegorilla.zoner.dev\/wp-content\/uploads\/2024\/12\/ikoni-lokaatio.png","contentUrl":"https:\/\/hautaustoimisto.creativegorilla.zoner.dev\/wp-content\/uploads\/2024\/12\/ikoni-lokaatio.png","width":600,"height":564},{"@type":"BreadcrumbList","@id":"https:\/\/hautaustoimisto.creativegorilla.zoner.dev\/?page_id=43#breadcrumb","itemListElement":[{"@type":"ListItem","position":1,"name":"Etusivu","item":"https:\/\/hautaustoimisto.creativegorilla.zoner.dev\/"},{"@type":"ListItem","position":2,"name":"Yhteystiedot"}]},{"@type":"WebSite","@id":"https:\/\/hautaustoimisto.creativegorilla.zoner.dev\/#website","url":"https:\/\/hautaustoimisto.creativegorilla.zoner.dev\/","name":"Torin Wanha Hautaustoimisto Oy","description":"T&auml;yden palvelun hautaustoimisto Lahdessa","potentialAction":[{"@type":"SearchAction","target":{"@type":"EntryPoint","urlTemplate":"https:\/\/hautaustoimisto.creativegorilla.zoner.dev\/?s={search_term_string}"},"query-input":{"@type":"PropertyValueSpecification","valueRequired":true,"valueName":"search_term_string"}}],"inLanguage":"fi"}]}},"_links":{"self":[{"href":"https:\/\/hautaustoimisto.creativegorilla.zoner.dev\/index.php?rest_route=\/wp\/v2\/pages\/43","targetHints":{"allow":["GET"]}}],"collection":[{"href":"https:\/\/hautaustoimisto.creativegorilla.zoner.dev\/index.php?rest_route=\/wp\/v2\/pages"}],"about":[{"href":"https:\/\/hautaustoimisto.creativegorilla.zoner.dev\/index.php?rest_route=\/wp\/v2\/types\/page"}],"author":[{"embeddable":true,"href":"https:\/\/hautaustoimisto.creativegorilla.zoner.dev\/index.php?rest_route=\/wp\/v2\/users\/1"}],"replies":[{"embeddable":true,"href":"https:\/\/hautaustoimisto.creativegorilla.zoner.dev\/index.php?rest_route=%2Fwp%2Fv2%2Fcomments&post=43"}],"version-history":[{"count":4,"href":"https:\/\/hautaustoimisto.creativegorilla.zoner.dev\/index.php?rest_route=\/wp\/v2\/pages\/43\/revisions"}],"predecessor-version":[{"id":291,"href":"https:\/\/hautaustoimisto.creativegorilla.zoner.dev\/index.php?rest_route=\/wp\/v2\/pages\/43\/revisions\/291"}],"wp:attachment":[{"href":"https:\/\/hautaustoimisto.creativegorilla.zoner.dev\/index.php?rest_route=%2Fwp%2Fv2%2Fmedia&parent=43"}],"curies":[{"name":"wp","href":"https:\/\/api.w.org\/{rel}","templated":true}]}}